{"id":6,"date":"2023-04-22T17:08:37","date_gmt":"2023-04-22T17:08:37","guid":{"rendered":"http:\/\/0453402.cpsw-fcsei.com\/wordpress\/?page_id=6"},"modified":"2023-05-01T15:17:21","modified_gmt":"2023-05-01T15:17:21","slug":"accueil","status":"publish","type":"page","link":"https:\/\/0453402.cpsw-fcsei.com\/wordpress\/","title":{"rendered":""},"content":{"rendered":"\n<p><a href=\"http:\/\/0453402.cpsw-fcsei.com\/wordpress\/analyse-des-besoins-et-explication-du-choix-du-theme\/\" data-type=\"page\" data-id=\"139\"><\/a><\/p>\n\n\n\n<h1 class=\"wp-block-heading has-text-align-center\">Bienvenue sur MontVoyage<\/h1>\n\n\n\n<figure class=\"wp-block-image aligncenter size-large is-resized has-custom-border\"><img loading=\"lazy\" decoding=\"async\" src=\"http:\/\/0453402.cpsw-fcsei.com\/wordpress\/wp-content\/uploads\/2023\/04\/kalen-emsley-Bkci_8qcdvQ-unsplash-1024x683.jpg\" alt=\"Montagne Qu\u00e9bec\" class=\"wp-image-7\" style=\"border-style:none;border-width:0px;border-radius:5px\" width=\"839\" height=\"560\" srcset=\"https:\/\/0453402.cpsw-fcsei.com\/wordpress\/wp-content\/uploads\/2023\/04\/kalen-emsley-Bkci_8qcdvQ-unsplash-1024x683.jpg 1024w, https:\/\/0453402.cpsw-fcsei.com\/wordpress\/wp-content\/uploads\/2023\/04\/kalen-emsley-Bkci_8qcdvQ-unsplash-300x200.jpg 300w, https:\/\/0453402.cpsw-fcsei.com\/wordpress\/wp-content\/uploads\/2023\/04\/kalen-emsley-Bkci_8qcdvQ-unsplash-768x512.jpg 768w, https:\/\/0453402.cpsw-fcsei.com\/wordpress\/wp-content\/uploads\/2023\/04\/kalen-emsley-Bkci_8qcdvQ-unsplash-1536x1024.jpg 1536w, https:\/\/0453402.cpsw-fcsei.com\/wordpress\/wp-content\/uploads\/2023\/04\/kalen-emsley-Bkci_8qcdvQ-unsplash-2048x1365.jpg 2048w\" sizes=\"auto, (max-width: 839px) 100vw, 839px\" \/><\/figure>\n\n\n\n<p><strong>MontVoyage<\/strong> est une entreprise qu\u00e9b\u00e9coise de voyage ax\u00e9e sur la randonn\u00e9e en montagne, offrant des exp\u00e9riences uniques \u00e0 des clients de tous niveaux. Ils ont des guides exp\u00e9riment\u00e9s et travaillent avec des partenaires locaux pour minimiser leur impact sur l&rsquo;environnement et soutenir les communaut\u00e9s locales. Les voyages sont soigneusement planifi\u00e9s pour assurer le confort et la s\u00e9curit\u00e9 des clients, avec des conseils pr\u00e9alables au voyage pour les aider \u00e0 se pr\u00e9parer physiquement et mentalement.<\/p>\n","protected":false},"excerpt":{"rendered":"<p>Bienvenue sur MontVoyage MontVoyage est une entreprise qu\u00e9b\u00e9coise de voyage ax\u00e9e sur la randonn\u00e9e en montagne, offrant des exp\u00e9riences uniques \u00e0 des clients de tous&hellip;<\/p>\n","protected":false},"author":1,"featured_media":0,"parent":0,"menu_order":0,"comment_status":"closed","ping_status":"closed","template":"","meta":{"footnotes":"","_links_to":"","_links_to_target":""},"class_list":["post-6","page","type-page","status-publish","hentry"],"_links":{"self":[{"href":"https:\/\/0453402.cpsw-fcsei.com\/wordpress\/wp-json\/wp\/v2\/pages\/6","targetHints":{"allow":["GET"]}}],"collection":[{"href":"https:\/\/0453402.cpsw-fcsei.com\/wordpress\/wp-json\/wp\/v2\/pages"}],"about":[{"href":"https:\/\/0453402.cpsw-fcsei.com\/wordpress\/wp-json\/wp\/v2\/types\/page"}],"author":[{"embeddable":true,"href":"https:\/\/0453402.cpsw-fcsei.com\/wordpress\/wp-json\/wp\/v2\/users\/1"}],"replies":[{"embeddable":true,"href":"https:\/\/0453402.cpsw-fcsei.com\/wordpress\/wp-json\/wp\/v2\/comments?post=6"}],"version-history":[{"count":13,"href":"https:\/\/0453402.cpsw-fcsei.com\/wordpress\/wp-json\/wp\/v2\/pages\/6\/revisions"}],"predecessor-version":[{"id":176,"href":"https:\/\/0453402.cpsw-fcsei.com\/wordpress\/wp-json\/wp\/v2\/pages\/6\/revisions\/176"}],"wp:attachment":[{"href":"https:\/\/0453402.cpsw-fcsei.com\/wordpress\/wp-json\/wp\/v2\/media?parent=6"}],"curies":[{"name":"wp","href":"https:\/\/api.w.org\/{rel}","templated":true}]}}